e 1747800?
True
Does 31 divide 12877090?
True
Is 583 a factor of 213961?
True
Is 1579 a factor of 8788714?
True
Does 134 divide 13650?
False
Is 51801 a multiple of 63?
False
Is 3 a factor of 11046105?
True
Does 9 divide 28241288?
False
Is 6 a factor of 173004?
True
Does 27 divide 1423834?
False
Does 141 divide 982094?
False
Is 183 a factor of 76311?
True
Is 57168 a multiple of 56?
False
Is 202 a factor of 23443?
False
Is 535471 even?
False
Does 18 divide 1899036?
True
Is 38985793 a multiple of 41?
True
Is 604843 a multiple of 757?
True
Is 168 a factor of 9017064?
True
Does 105 divide 683760?
True
Is 22 a factor of 584034?
True
Does 30 divide 6418913?
False
Is 3 a factor of 71118?
True
Is 2422390 a multiple of 91?
False
Is 473 a factor of 1161721?
False
Is 1123394 a multiple of 111?
False
Does 115 divide 1693974?
False
Is 866081 a multiple of 24?
False
Is 322196 a multiple of 259?
True
Is 60 a factor of 5318700?
True
Is 12377888 a multiple of 16?
True
Is 343 a factor of 5192347?
False
Does 1784 divide 13022295?
False
Is 52966 a multiple of 71?
True
Does 14 divide 18044?
False
Is 7 a factor of 1041569?
False
Does 91 divide 5891498?
False
Is 69 a factor of 1865883?
False
Is 23 a factor of 7675416?
False
Is 31 a factor of 197005?
True
Does 58 divide 118726?
True
Is 833 a factor of 1384244?
False
Is 1668494 a multiple of 458?
True
Is 544 a factor of 494586?
False
Does 2 divide 21528?
True
Does 298 divide 8187252?
True
Is 3507452 a multiple of 26?
True
Does 18 divide 2778624?
True
Does 7 divide 33383?
True
Is 43888 even?
True
Is 162245 a multiple of 4?
False
Does 461 divide 5110185?
True
Does 317 divide 255468?
False
Is 172588 a multiple of 4?
True
Is 11 a factor of 455488?
True
Is 52 a factor of 69732?
True
Is 12 a factor of 7592702?
False
Does 9 divide 10818?
True
Is 4696184 a multiple of 42?
False
Is 293 a factor of 717923?
False
Does 287 divide 113652?
True
Is 138968 a multiple of 81?
False
Is 79 a factor of 8513575?
False
Does 111 divide 913939?
False
Does 175 divide 6486081?
False
Is 58 a factor of 226606?
True
Is 479520 a multiple of 15?
True
Does 298 divide 188634?
True
Does 15 divide 2585820?
True
Is 673 a factor of 171920?
False
Is 13 a factor of 483158?
True
Is 75294 a multiple of 267?
True
Does 5 divide 866174?
False
Is 550 a factor of 1828200?
True
Is 9307740 a multiple of 26?
True
Does 87 divide 3001587?
True
Is 126736 a multiple of 4?
True
Does 5 divide 505?
True
Is 114 a factor of 1063050?
True
Is 3253 a multiple of 31?
False
Does 46 divide 1540402?
True
Is 14 a factor of 3569552?
True
Does 10 divide 1429846?
False
Does 624 divide 8211306?
False
Is 212071 a multiple of 4?
False
Is 14 a factor of 11670?
False
Does 55 divide 4339082?
False
Does 101 divide 4531587?
False
Is 172624 a multiple of 9?
False
Does 140 divide 214103?
False
Is 320 a factor of 825309?
False
Does 604 divide 795697?
False
Does 10 divide 835530?
True
Does 80 divide 1843360?
True
Does 114 divide 798?
True
Does 33 divide 1353939?
False
Is 446573 a multiple of 241?
True
Is 2961236 a multiple of 15?
False
Is 321 a factor of 4209559?
False
Does 56 divide 5404168?
True
Is 70 a factor of 243577?
False
Is 187671 a multiple of 11?
True
Is 37 a factor of 7294422?
False
Is 4569708 a multiple of 156?
True
Does 504 divide 1036520?
False
Is 25070336 a multiple of 26?
False
Is 523673 a multiple of 144?
False
Does 83 divide 838134?
True
Does 22 divide 710919?
False
Is 5 a factor of 15976?
False
Is 1736942 a multiple of 37?
False
Is 635663 a multiple of 72?
False
Does 2 divide 72360?
True
Is 62711 even?
False
Is 2 a factor of 1447665?
False
Is 27606 a multiple of 44?
False
Is 1493098 a multiple of 241?
False
Is 499146 a multiple of 69?
True
Is 1371 a factor of 2257176?
False
Does 48 divide 6487364?
False
Does 1738 divide 16248562?
True
Is 698678 a multiple of 16?
False
Does 117 divide 1240785?
True
Is 1279738 a multiple of 22?
False
Is 1943147 a multiple of 378?
False
Does 2 divide 3096119?
False
Does 25 divide 130262?
False
Is 50 a factor of 19940364?
False
Is 4436684 a multiple of 1351?
True
Does 4 divide 1571081?
False
Does 2 divide 110403?
False
Does 28 divide 2195172?
True
Is 21 a factor of 257999?
False
Does 56 divide 35205?
False
Does 47 divide 399479?
False
Is 1114485 a multiple of 5?
True
Is 42 a factor of 77280?
True
Does 117 divide 555167?
False
Is 57611 a multiple of 18?
False
Is 1949 a factor of 9476038?
True
Does 12 divide 708804?
True
Is 230758 a multiple of 22?
True
Is 1308338 a multiple of 2?
True
Does 10 divide 425254?
False
Is 4341918 a multiple of 13?
False
Does 274 divide 906666?
True
Is 16 a factor of 339695?
False
Is 176893 a multiple of 13?
False
Does 39 divide 522436?
False
Does 1362 divide 13891955?
False
Is 1258296 a multiple of 401?
False
Does 769 divide 1335753?
True
Is 60 a factor of 3101410?
False
Is 12 a factor of 8325566?
False
Is 31399 a multiple of 9?
False
Does 906 divide 456734?
False
Is 19 a factor of 1371591?
True
Is 22 a factor of 693374?
True
Is 945987 a multiple of 281?
False
Is 20 a factor of 18199525?
False
Does 248 divide 245175?
False
Is 19138 a multiple of 32?
False
Is 1124 a factor of 1737704?
True
Is 463 a factor of 1024470?
False
Is 177 a factor of 97890?
False
Does 446 divide 1735299?
False
Is 61 a factor of 698816?
True
Is 702 a factor of 12768678?
True
Does 5 divide 2468?
False
Does 134 divide 127166?
True
Is 74942 a multiple of 65?
False
Is 163 a factor of 489502?
False
Is 14 a factor of 249004?
True
Does 9 divide 8725635?
True
Is 61 a factor of 268492?
False
Is 31 a factor of 412672?
True
Does 324 divide 447120?
True
Is 817920 a multiple of 71?
True
Does 19 divide 7712205?
False
Does 3 divide 436354?
False
Is 4214080 a multiple of 320?
True
Is 1715686 a multiple of 49?
True
Does 9 divide 102987?
True
Does 455 divide 179464?
False
Does 307 divide 52804?
True
Is 77 a factor of 65217?
False
Does 990 divide 5928911?
False
Is 7067 a multiple of 191?
True
Does 27 divide 11095947?
True
Does 15 divide 68509?
False
Is 19 a factor of 5320209?
True
Is 4139316 a multiple of 166?
False
Is 557041 a multiple of 31?
False
Does 20 divide 19883826?
False
Does 543 divide 4289488?
False
Does 29 divide 173658?
False
Does 4 divide 63356?
True
Does 16 divide 89184?
True
Is 4160507 a multiple of 444?
False
Is 14859 a multiple of 3?
True
Is 25166 a multiple of 56?
False
Does 9 divide 383067?
True
Is 798 a factor of 9381288?
True
Is 9 a factor of 422550?
True
Does 173 divide 391153?
True
Is 592320 a multiple of 160?
True
Is 279 a factor of 8368019?
False
Is 24144 a multiple of 22?
False
Does 285 divide 2036110?
False
Is 404 a factor of 380770?
False
Is 172 a factor of 849680?
True
Is 10 a factor of 1451940?
True
Is 74952 a multiple of 72?
True
Is 311 a factor of 695136?
False
Is 205144 a multiple of 236?
False
Is 909 a factor of 1135382?
False
Does 40 divide 4837944?
False
Is 496012 a multiple of 173?
False
Does 10 divide 524750?
True
Is 10 a factor of 7543731?
False
Is 206100 a multiple of 25?
True
Is 18 a factor of 70403?
False
Is 219 a factor of 166659?
True
Is 118 a factor of 2301042?
False
Does 4 divide 731988?
True
Is 35 a factor of 88480?
True
Is 5211360 a multiple of 36?
True
Does 24 divide 15439910?
False
Does 465 divide 1087170?
True
Is 15925836 a multiple of 18?
False
Is 630943 a multiple of 17?
False
Is 7790541 a multiple of 177?
False
Is 89 a factor of 46009?
False
Is 4781652 a multiple of 19?
False
Is 1856946 a multiple of 91?
True
Is 38 a factor of 183730?
True
Is 10677201 a multiple of 878?
False
Is 94714 a multiple of 71?
True
Does 42 divide 1723680?
True
Is 609700 a multiple of 134?
True
Does 818 divide 239499?
False
Is 122126 a multiple of 2?
True
Is 64590 a multiple of 6?
True
Is 3415613 a multiple of 957?
False
Is 99147 a multiple of 44?
False
Is 24 a factor of 570528?
True
Is 23 a factor of 13937?
False
Is 75 a factor of 2282514?
False
Does 30 divide 12055?
False
Does 37 divide 1961?
True
Does 786 divide 298166?
False
Is 7 a factor of 98322?
True
Does 23 divide 102622?
False
Is 157 a factor of 3710852?
True
Does 19 divide 19391942?
False
Does 9 divide 3984856?
False
Is 13 a factor of 7669402?
True
Is 6143996 a multiple of 224?
False
Is 15 a factor of 240359?
False
Is 361344 a multiple of 212?
False
Does 21 divide 43701?
True
I